late the highest common divisor of 297 and k.
33
Suppose -3348 = -192*x + 68*x. Let p = -78 - -87. What is the highest common divisor of x and p?
9
Suppose 4*h - h - 45 = 0. Suppose -2*o = 4*j - 267 - 701, 2*o + 952 = 4*j. What is the highest common factor of h and j?
15
Suppose -4*k + 3*k + 59 = -5*n, -4*k + 2*n = -146. Let z be k/6 + (-8)/(-24). Suppose -2*w - z = -16. Calculate the highest common factor of 5 and w.
5
Let p(g) = 10*g**2 + 5*g + 2. Let k be p(-3). Suppose 2*f + 5*y - 103 = 0, 5*y - 8*y = -2*f + 79. What is the greatest common divisor of k and f?
11
Let g(i) = 14*i - 11. Let b be g(5). Suppose 8*y - b = 9*y. Let c = y + 194. What is the highest common divisor of c and 54?
27
Let d(q) = 288*q + 1813. Let h be d(-6). What is the greatest common divisor of h and 1292?
17
Let d(q) = -q + 203. Let x(i) = -i**3 + 9*i**2 + 16*i - 19. Let j be x(10). Let f be d(j). Calculate the greatest common divisor of 72 and f.
18
Let h(y) = 1068*y + 11740. Let x be h(5). Calculate the highest common factor of x and 1120.
280
Let x be -112*((-2)/(-8) + -1). Suppose 2*b - f = -0*f + 58, -3*b + x = -3*f. Let r = 1498 - 1488. Calculate the greatest common factor of b and r.
10
Suppose b + 5*a - 20 = 16, 70 = 5*b + 3*a. Let s(p) = 12*p**2 + 5*p - 36. Let d be s(6). Let l = d - 250. What is the highest common divisor of b and l?
11
Let h = -472 - -474. Suppose h*d = 5*d - 96. What is the greatest common divisor of 44 and d?
4
Let q(g) = -917*g - 1988. Let m be q(-10). What is the highest common factor of m and 7?
7
Let b(f) = 12*f - 217. Let r be b(18). Let l(i) = 20*i + 24. Let o be l(r). Calculate the highest common factor of o and 172.
4
Suppose 43*c - 432 = 37*c. Let a be -3*(-3)/9*3. Suppose a*v + 3*b = 39, 9 = 4*v - 4*b - 3. Calculate the greatest common divisor of v and c.
8
Suppose 5*w - 3358 = 2*o, 4*w + 72*o = 71*o + 2689. Let f be ((-10)/15)/(1/(-21)). What is the highest common divisor of f and w?
14
Suppose -10*k = -9*k - 5*a - 250, 3*a = -4*k + 885. Let c be (k/27 - -5)*78/5. Calculate the highest common divisor of c and 32.
16
Suppose 0*f + 7*f = 21. Suppose -10*a + 357 = -f*a. Suppose -2*m - 2*t - 1 = -a, 111 = 5*m - 2*t. Calculate the highest common factor of 23 and m.
23
Let l(r) = -r**2 - 63*r - 972. Let u be l(-33). What is the highest common factor of u and 142?
2
Let k be 7 + -3 + 3 + 4. Suppose 4*n - 11 = -g + k, n = 2*g - 89. What is the highest common factor of 70 and g?
14
Suppose -3*m + 122 - 101 = 0. Suppose -5*o - 130 = -c, -114 = -c - m*o + 8*o. What is the highest common divisor of 66 and c?
22
Let n = -354 - -356. Suppose -n*j = -52*j + 11550. Calculate the highest common divisor of 21 and j.
21
Suppose -15*a + 314 + 136 = 0. Suppose 3*f + 3*f = 3*f. Suppose 3*x - 3 = -w, 7*w - 4*w - 4*x - 61 = f. Calculate the greatest common factor of w and a.
15
Let i(l) = 13*l - 69. Let o be i(7). Suppose o = -30*s + 32*s. Suppose -4*a + 7 + 37 = 0. What is the highest common divisor of a and s?
11
Suppose -o = 4*g - 93, 66*o - 62*o - 321 = g. What is the highest common divisor of 864 and o?
27
Let p be (-70)/245 + (5 - (-52092)/42). What is the greatest common factor of 135 and p?
15
Suppose -8*v = 24*v - 704. Let x = 23 - 15. Suppose -20*q + x = -18*q. What is the highest common divisor of q and v?
2
Suppose -18*a = -56127 - 28878 - 3897. Calculate the greatest common divisor of 11 and a.
11
Suppose -5*k - 4*u - 86 + 138 = 0, -5*u - 25 = -5*k. Suppose 2*l = -2*l + 32. What is the highest common factor of l and k?
8
Let h(n) = 5*n**2 - 4*n + 42. Let u(q) = -2*q**2 + q - 14. Let s(d) = -2*h(d) - 7*u(d). Let l be s(0). What is the greatest common factor of 49 and l?
7
Let s(h) = -h**3 - 84*h**2 - 68*h + 117*h**2 + 72 + 2*h**3. Let l be s(-35). What is the greatest common factor of 11 and l?
1
Let z(i) = -2*i**2 - 11*i - 9. Let f be z(-4). Suppose g - f*p - 11 = -2*p, g - 12 = 2*p. Calculate the greatest common factor of g and 30.
10
Suppose -3*v = 3*d + 12 - 0, 0 = -4*v + 2*d - 4. Let t be 8/4*(v + 34/4). What is the greatest common divisor of 13 and t?
13
Let z = -5008 - -6518. Calculate the greatest common factor of z and 60.
10
Let k = -94 + 174. Suppose -68*y + 784 + 2721 = -6287. Calculate the greatest common divisor of y and k.
16
Suppose -3761876 = -283*b + 5025840. Calculate the greatest common factor of b and 28.
28
Suppose -3*t + 10*x - 5*x + 6024 = 0, -12*t - 2*x + 24162 = 0. What is the greatest common divisor of t and 264?
33
Let t be 665 + -188 - (2 - -13). Calculate the greatest common divisor of 286 and t.
22
Let f = 3 + 19. Suppose v = f + 2. Suppose -3*b - v = -3*c, 5*c + 0*b = -3*b + 16. Calculate the highest common divisor of 2 and c.
1
Let j(x) = 43*x**2 + 2*x + 1. Suppose -2*i - 3*i - 5 = 5*n, -5*i = 3*n + 1. Let k be j(n). Calculate the greatest common divisor of 13 and k.
13
Suppose -6*h = -3*h - 1113. Suppose 3*j - h = -n - 0*n, -16 = 4*n. Let w = j + -112. What is the greatest common factor of 13 and w?
13
Suppose -6*v + v = 5. Let m = 4 - v. Suppose -4*n + d = -70, 0 = -n - n + m*d + 26. What is the highest common divisor of n and 144?
18
Let f be (-80)/12*402/(-8). Calculate the highest common divisor of f and 35.
5
Suppose -43486 = -466*x + 1324991 + 717339. Calculate the highest common divisor of 60 and x.
12
Suppose 34 = 5*n + 4. Let m(p) be the first derivative of p**2 - 5*p + 1. Let c be m(n). Calculate the greatest common factor of 14 and c.
7
Let k be (-1)/(-5) - (8 - (-1878)/(-10)). Let y(p) = -20*p**3 + 2*p + 2. Suppose 3*s = 4*s + 1. Let q be y(s). What is the greatest common divisor of k and q?
20
Let t(x) = x**3 + 6*x**2 - 20*x - 42. Let p be t(-8). Let y be p/1*22/(-44). Calculate the greatest common divisor of y and 80.
5
Let z = 36 - 31. Suppose 8 = 12*m - 4*m. Calculate the highest common divisor of m and z.
1
Suppose 21531 + 5639 = 19*i. Suppose -315*s - i = -320*s. What is the greatest common factor of 104 and s?
26
Let b be ((-989)/(-92) - 10) + (195/12)/5. What is the highest common factor of 302 and b?
2
Let d = 86 + -69. Suppose -16 + d = w. Suppose -2*r - 5 - 3 = 0, -5*l = r - w. Calculate the highest common divisor of l and 16.
1
Let n(r) = -2*r**2 - 7*r - 1. Let h be n(-3). Let c(l) = -h - 11 + 3*l**2 - 3*l + 0*l - 1. Let w be c(-6). What is the highest common factor of w and 16?
16
Let j(d) = 13*d**2 + 164*d - 2*d**3 - 176*d + 6 - 8. Let h be j(5). Calculate the greatest common factor of h and 117.
13
Suppose -4*n = -2*n - 24. Let m(f) = -f**2 - 20 - 481*f**3 - 8*f**2 + 12*f + 482*f**3. Let w be m(8). What is the greatest common divisor of n and w?
12
Let w = 4576 - 3268. Suppose -2*z + 4*o = -w, -2*o + 1984 = 3*z + 3*o. Calculate the greatest common factor of z and 14.
14
Let r = -3721 - -3749. Suppose 4*u - 609 = 1295. Calculate the highest common divisor of r and u.
28
Let l = -372 - -228. Let s = l - -167. Calculate the highest common divisor of s and 207.
23
Let v(x) = x**2 - 4*x - 15. Let i be v(8). Let d(o) = 2*o**2 - 8*o. Let w be d(7). Let r be 35/w*51/(-10)*-28. What is the highest common factor of r and i?
17
Suppose -38*d = -17*d - 1890. Calculate the greatest common factor of d and 9720.
90
Let d(u) = -u - 2. Let n(m) = 62. Let k(f) = 12*d(f) - n(f). Let z be k(-12). Calculate the highest common factor of z and 58.
58
Suppose 10*o - 7*o - 24 = 0. Suppose o*d + 208 = 4*d. Let h = -38 - d. Calculate the highest common factor of h and 2.
2
Let o = 173 - 415. Let s = 264 + o. Calculate the greatest common factor of s and 44.
22
Let k be (-6354)/(-30) + (-1)/(-5). Suppose 0*h + k = 4*c + 4*h, 238 = 5*c - 4*h. Calculate the highest common factor of c and 550.
50
Let i = 30 + -9. Let y be 4 - (0 + 1) - 14. Let o = i + y. Calculate the highest common factor of 25 and o.
5
Suppose -24 = 2*z - 4*z - 5*l, 0 = -z + 4*l - 14. Suppose 2*d + 14 = 4*p, 2*d + 9 = z*p + 3. What is the greatest common divisor of 5 and p?
1
Let o be ((-1600)/240)/(4/(-87)). What is the highest common divisor of 4495 and o?
145
Let q(l) = -9*l - 1. Let g be q(-4). Let p be (2 - 14)*15/2. Let r be 18/15 - 342/p. What is the greatest common divisor of r and g?
5
Let h = 54 - 38. Suppose -2*r = 4*m - 96, 4*r - 22*m + 25*m - 192 = 0. Calculate the highest common factor of r and h.
16
Let c be (5/10)/(1/40